er when 55463 is divided by 860.
423
What is the remainder when 5023479 is divided by 392?
391
Calculate the remainder when 527985 is divided by 527959.
26
What is the remainder when 44102 is divided by 1560?
422
Calculate the remainder when 1297270 is divided by 31640.
30
Calculate the remainder when 275240157 is divided by 2080.
2077
Calculate the remainder when 54510 is divided by 54085.
425
Calculate the remainder when 1395622 is divided by 297.
19
Calculate the remainder when 555285 is divided by 4914.
3
Calculate the remainder when 2512799 is divided by 4823.
16
Calculate the remainder when 81797442 is divided by 16359487.
7
What is the remainder when 441213 is divided by 48?
45
Calculate the remainder when 829560 is divided by 829322.
238
Calculate the remainder when 2696465 is divided by 13758.
13655
Calculate the remainder when 274528109 is divided by 137264051.
7
What is the remainder when 21831463 is divided by 279?
271
Calculate the remainder when 11491201 is divided by 35.
1
What is the remainder when 10596616 is divided by 92142?
286
What is the remainder when 718478 is divided by 359143?
192
What is the remainder when 181611 is divided by 187?
34
Calculate the remainder when 14420060 is divided by 537.
536
Calculate the remainder when 8589289 is divided by 49649.
12
Calculate the remainder when 50298 is divided by 12199.
1502
Calculate the remainder when 904266 is divided by 424.
298
What is the remainder when 22437077 is divided by 1306?
1303
Calculate the remainder when 35226862 is divided by 1320.
22
What is the remainder when 5384885 is divided by 256423?
2
What is the remainder when 9716292 is divided by 8070?
12
What is the remainder when 2000847 is divided by 537?
522
Calculate the remainder when 8120114 is divided by 2706668.
110
What is the remainder when 83187504 is divided by 187?
180
Calculate the remainder when 8143571 is divided by 10.
1
Calculate the remainder when 25981129 is divided by 937.
930
Calculate the remainder when 18036 is divided by 17133.
903
Calculate the remainder when 12948966 is divided by 17.
15
What is the remainder when 738446 is divided by 8140?
5846
What is the remainder when 17427587 is divided by 103?
90
What is the remainder when 3293726 is divided by 1905?
1886
Calculate the remainder when 20199446 is divided by 3082.
18
Calculate the remainder when 13929052 is divided by 14818.
132
Calculate the remainder when 1017313 is divided by 1651.
297
Calculate the remainder when 131465778 is divided by 257.
255
Calculate the remainder when 14925322 is divided by 995011.
157
What is the remainder when 646406 is divided by 174?
170
Calculate the remainder when 44375272 is divided by 353.
348
Calculate the remainder when 16705965 is divided by 5568648.
21
What is the remainder when 9649176 is divided by 662?
526
What is the remainder when 42395 is divided by 1405?
245
What is the remainder when 16639143 is divided by 7266?
3
What is the remainder when 7690576 is divided by 1945?
46
Calculate the remainder when 2418127 is divided by 1209038.
51
Calculate the remainder when 22471299 is divided by 69.
0
What is the remainder when 167037 is divided by 15?
12
What is the remainder when 4088953 is divided by 408893?
23
Calculate the remainder when 26796691 is divided by 87858.
1
What is the remainder when 18738874 is divided by 123282?
10
Calculate the remainder when 376896 is divided by 959.
9
What is the remainder when 252594687 is divided by 670?
667
What is the remainder when 761597 is divided by 205?
22
What is the remainder when 29526504 is divided by 126723?
45
Calculate the remainder when 141253 is divided by 2731.
1972
Calculate the remainder when 46200 is divided by 1540.
0
What is the remainder when 173459 is divided by 2227?
1980
What is the remainder when 1678502 is divided by 618?
14
Calculate the remainder when 31895 is divided by 10588.
131
Calculate the remainder when 24904665 is divided by 4980899.
170
Calculate the remainder when 64764733 is divided by 707.
705
Calculate the remainder when 9628935 is divided by 17.
16
What is the remainder when 13595644 is divided by 374?
370
Calculate the remainder when 522727 is divided by 184.
167
Calculate the remainder when 52736 is divided by 2655.
2291
What is the remainder when 996265 is divided by 6469?
39
What is the remainder when 1997598 is divided by 1092?
330
Calculate the remainder when 557021 is divided by 187.
135
Calculate the remainder when 948207 is divided by 761.
1
Calculate the remainder when 7087222 is divided by 77.
65
Calculate the remainder when 16494 is divided by 389.
156
Calculate the remainder when 4548476 is divided by 758062.
104
Calculate the remainder when 44205 is divided by 1024.
173
Calculate the remainder when 3584123 is divided by 383.
9
Calculate the remainder when 83973544 is divided by 171.
61
What is the remainder when 26843101 is divided by 659?
54
What is the remainder when 4714177 is divided by 505?
2
What is the remainder when 114716 is divided by 22746?
986
What is the remainder when 1129657 is divided by 1905?
1897
Calculate the remainder when 163581 is divided by 163540.
41
What is the remainder when 9082781 is divided by 80?
61
What is the remainder when 26164381 is divided by 991?
990
What is the remainder when 39710065 is divided by 118?
115
What is the remainder when 693587 is divided by 2273?
322
Calculate the remainder when 71944162 is divided by 54.
16
Calculate the remainder when 241293 is divided by 95.
88
Calculate the remainder when 69729 is divided by 1839.
1686
Calculate the remainder when 679655 is divided by 339816.
23
Calculate the remainder when 1238515 is divided by 72.
43
What is the remainder when 27786647 is divided by 10?
7
What is the remainder when 16014064 is divided by 117?
40
What is the remainder when 11565714 is divided by 2891427?
6
Calculate the remainder when 864991 is divided by 47.
3
What is the remainder when 432276 is divided by 683?
620
Calculate the remainder when 659303 is divided by 764.
735
What is the remainder when 8664796 is divided by 789?
787
Calculate the remainder when 120285687 is divided by 23655.
12
What is the remainder when 342176 is divided by 5134?
3332
Calculate the remainder when 269853335 is divided by 1718811.
8
Calculate the remainder when 6794321 is divided by 75.
71
What is the remainder when 10690 is divided by 6902?
3788
Calculate the remainder when 267892 is divided by 3331.
1412
What is the remainder when 6737245 is divided by 280718?
13
Calculate the remainder when 13564523 is divided by 211.
177
What is the remainder when 9567537 is divided by 303?
9
Calculate the remainder when 2075508 is divided by 9790.
28
Calculate the remainder when 641113721 is divided by 89.
85
Calculate the remainder when 374151 is divided by 1503.
1407
What is the remainder when 58884133 is divided by 107?
0
Calculate the remainder when 57360389 is divided by 1357.
1356
What is the remainder when 42856 is divided by 42809?
47
Calculate the remainder when 218248 is divided by 35221.
6922
What is the remainder when 271992719 is divided by 103?
1
What is the remainder when 9268857 is divided by 5?
2
Calculate the remainder when 5312067 is divided by 1049.
980
Calculate the remainder when 1634751935 is divided by 36.
35
Calculate the remainder when 13259070 is divided by 83918.
26
What is the remainder when 26696907 is divided by 1779791?
42
What is the remainder when 10590407 is divided by 4?
3
Calculate the remainder when 28061 is divided by 701.
21
What is the remainder when 21683 is divided by 21368?
315
What is the remainder when 5776959 is divided by 4834?
329
What is the remainder when 60780558 is divided by 2933?
2932
Calculate the remainder when 3635923 is divided by 1211970.
13
What is the remainder when 1967918 is divided by 8?
6
What is the remainder when 23957880 is divided by 15?
0
Calculate the remainder when 234352 is divided by 46785.
427
What is the remainder when 6582491 is divided by 26?
19
Calculate the remainder when 13899885 is divided by 1389987.
15
What is the remainder when 14851849 is divided by 626?
625
What is the remainder when 13998 is divided by 1373?
268
Calculate the remainder when 10559090 is divided by 586.
542
What is the r